
-6
Let s(d) = 6 + 0*d + 0*d + 2*d. Suppose -18*c - 17 = 91. What is s(c)?
-6
Let v(z) = -2*z + 15. Let b(s) = 3*s - 27. Let j(f) = -6*b(f) - 11*v(f). What is j(1)?
1
Let n(k) be the second derivative of k**5/60 + k**4/24 - k**3/3 + 7*k**2/2 - 5*k. Let h(d) be the first derivative of n(d). Give h(-4).
10
Let l(p) be the third derivative of -p**4/8 + 2*p**3 - 46*p**2. What is l(6)?
-6
Let w(b) = -b**2 - 2*b - 2. Let f(j) = -j**2 + j. Let q(d) = -2*f(d) + w(d). Calculate q(-5).
43
Let w(g) be the first derivative of -g**3/3 + 3*g**2 + 4*g + 3. Suppose -5*s + 25 = 0, 50 = 7*t - 2*t + 4*s. What is w(t)?
4
Let w(c) = -c**3 - 30. Suppose 6 = 20*z + 6. What is w(z)?
-30
Let q(r) be the third derivative of -r**4/6 - r**3/3 - 71*r**2. What is q(4)?
-18
Let u(v) be the second derivative of v**7/1260 + v**6/240 - v**5/40 - 5*v**4/6 - v. Let w(n) be the third derivative of u(n). Give w(-3).
6
Let z(m) = -m**2. Let s(r) be the second derivative of -r**5/20 - 5*r**4/6 + r**3/6 + 13*r**2/2 + r. Let w be s(-10). Suppose -l - w*l = 8. What is z(l)?
-4
Let f(d) be the second derivative of 3*d**5/5 - d**2/2 - d + 16. Give f(-1).
-13
Let s(l) = -l**2 + 4*l - 3. Let a(w) = -w**2 + 6*w - 5. Let o be a(4). Let d be -4 + 3 + (o - 0). Let p(r) = -r**3 + 2*r**2 + 2. Let y be p(d). Determine s(y).
1
Let a(n) = n**2 + 7*n - 2. Suppose 0 = -3*v + 3, -4*z + 4*v - 26 = 2*v. Determine a(z).
-8
Let g = 39 + -24. Let p(h) = -2 + 14*h**2 - 8 - 6*h - g*h**2 + 0 + 7*h**3. Let i(y) = 11*y**3 - y**2 - 9*y - 15. Let k(n) = -5*i(n) + 8*p(n). Give k(4).
-1
Let v(f) = -f + 2. Suppose 5*j + 19 = -11. Let d(t) = -t**3 - 7*t**2 - 8*t - 3. Let z be d(j). Determine v(z).
-7
Let f(s) = 6*s**3 - 8*s**2 - 2*s - 8. Let l(t) = -7*t**3 + 9*t**2 + 2*t + 10. Let d(q) = -6*f(q) - 5*l(q). Let w be (-105)/(-33) - (-8)/(-44). Calculate d(w).
4
Let n(y) = -y**2 - y + 1. Let f(t) = t - 2. Let l(g) = f(g) - n(g). Let m be (-62)/(-12) + (-8)/48. Suppose 0*r - 10 = -m*r. Give l(r).
5
Let b(h) = -15*h**3 + h**2 - 2*h + 1. Suppose x + 8*a - 3*a = 33, x + a - 21 = 0. Let d be x/10 + 2/10. Suppose d*s - 7 + 5 = 0. Determine b(s).
-15
Let w(u) be the first derivative of -u**3/3 + 7*u**2/2 - 6*u - 2. Suppose 3*l + 5 = 4*l. Let y = 9 - l. What is w(y)?
6
Let b be 3 - (-1 + 5 + -1 - 4). Suppose 5*n + 20 = 4*v, 20 = n - 0*v + b*v. Let j(i) = -4*i**2 + 4*i**2 - i**3 + 1 - i. Give j(n).
1
Suppose -4*s + 30 = 5*g, 0 = 4*g - 2*s - s - 24. Let q(i) = -216 + g*i**2 + i + 216. What is q(1)?
7
Let z be (-10)/2 + 1 - -4. Let m = -5 - -6. Let b(q) = q**3 - 9 + m + 0*q**3 + q + 0*q. Determine b(z).
-8
Let s(v) be the third derivative of 1/24*v**4 - 1/3*v**3 + 0 + 1/120*v**6 + 0*v + 1/30*v**5 + 13*v**2. Let z be (-1 - -2)/(4/(-8)). Give s(z).
-4
Let f(b) be the third derivative of b**6/720 - 5*b**4/8 - 14*b**2. Let r(q) be the second derivative of f(q). Give r(6).
6
Let m(b) be the second derivative of 4*b**3/3 + b**2/2 + b - 75. Give m(3).
25
Suppose -116*d = -125*d - 45. Let j(k) = -6 + 3*k + 2*k**2 + 3*k - 2*k + 4*k**2 + k**3. Calculate j(d).
-1
Let a(h) = 2*h + 26. Let d be a(-12). Let l(c) = -32*c**2 + 4*c - 5*c - 6*c**3 + 30*c**d. What is l(-1)?
5
Let r(f) = 8*f - 2797*f**2 - 2*f + 3 - 5 + 2798*f**2. Determine r(-7).
5
Let h(r) = -r + 4. Suppose 5*a = -25 - 20. Let z be (-21)/a - (-4)/6. Give h(z).
1
Let x(v) be the first derivative of 3*v**2/2 - 2*v + 2. Let l(z) = 2*z**2 - 2*z + 2. Let h be (2 + 0)*19/38. Let o be l(h). Give x(o).
4
Let k(w) = 5*w + w**2 - 4 - 2 - w**3 + 3. Let s be (16/(-4))/4 - 0. Let f be ((-5)/(-5) - s) + 1. Calculate k(f).
-6
Let z(t) = t**2 + 7*t - 1. Let p be z(-7). Let u(m) be the second derivative of -1/2*m**3 - 1/2*m**2 + 0 + 4*m. What is u(p)?
2
Let j(d) = -d**2. Let v(a) = 2*a**3 - 5*a**2 + 3*a - 3. Suppose 0 = 4*s + 5*h + 12, -s + 11 = -2*h + 1. Let r(c) = s*j(c) - v(c). What is r(2)?
-7
Let x(g) = 10*g**2. Suppose 104*v - 102*v = 0. Suppose -2*k - 20 + 18 = v. Calculate x(k).
10
Let x(z) = -7*z + 10. Let q(h) = -3*h + 3. Let k(w) = -2*q(w) + x(w). Suppose -3*p + 2*c = 0, 0 = -5*p + c + 7. Calculate k(p).
2
Suppose 215*w = 224*w - 18. Let c(f) be the second derivative of 7*f**3/6 - 3*f**2/2 - f. Calculate c(w).
11
Let i(a) = 4*a - 2. Let g(o) = -o**2 + 7*o - 5. Let w be g(5). Suppose -5*c - 4*f + 16 = 0, w*f + 23 = 5*c + 2*f. What is i(c)?
14
Let f(h) = h. Suppose -30 + 0 = -5*m. Let y be f(m). Let b(z) = z. What is b(y)?
6
Let r(u) = 11*u**2 + 31*u + 27. Let t(z) be the third derivative of -z**5/12 - 5*z**4/8 - 13*z**3/6 - 9*z**2. Let q(a) = 4*r(a) + 9*t(a). What is q(-6)?
21
Let s(x) be the second derivative of -5*x**3/6 - 11*x**2/2 + 12*x - 4. Calculate s(2).
-21
Suppose -5*v + 50 = -3*h, -3*v + 46 = -5*h - 4*v. Let j(f) = -f - 1. What is j(h)?
9
Let a(t) be the first derivative of -t**3/3 - t**2/2 - 530. Let n = -4 + 10. Suppose n = r - 4*r. Give a(r).
-2
Suppose 12 = -r + 3*r. Let c(t) = 2*t + 71. Let a(w) = -2*w - 58. Let l(i) = -6*a(i) - 5*c(i). Calculate l(r).
5
Let b(p) be the third derivative of -p**5/30 + 7*p**4/24 - 5*p**3/6 + 187*p**2. Give b(4).
-9
Suppose -5*b + 18 = -l, -6 = l - 6*l + b. Let s(h) = -2 + 7 - l - h. Let n be (-32)/(-5) + 4/(-10). What is s(n)?
-3
Suppose 44 - 9 = 5*k. Let j(t) = -3 - 1 + t**2 + 2*t - 5*t + k. Give j(4).
7
Let y = -471 - -471. Let q(o) = o**3 + o**2 - o + 14. Give q(y).
14
Let z(t) = 3*t + 4 - 4*t - 2*t + 1. Suppose -3*d = -2*u - 9 - 6, -3*u = 0. Calculate z(d).
-10
Let g be -1*((-120)/(-105))/(1/7). Let m(b) = 6 + 7*b - 5*b - b + 10. Determine m(g).
8
Let g(m) be the first derivative of m**3/3 - 3*m**2 - m + 3. Let q be ((-32)/120*-9)/(4/10). What is g(q)?
-1
Let r(w) = -w**3 - 8*w**2 - w - 6. Let h be r(-8). Let s(v) = v**2 - v + 1. Let g be s(5). Let m(y) = y - y**h - g + 21. Give m(2).
-2
Let p(i) be the second derivative of i**4/12 - i**3/6 - 4*i**2 + 144*i. Determine p(-3).
4
Let k(t) be the first derivative of -9*t**4/4 - t**3/3 + t - 2. Let z = 29 - 26. Suppose 2 - 5 = z*m. Calculate k(m).
9
Let v(p) = -p**2 + 18*p - 1. Suppose 0*y - 3*y = 5*x - 99, 2*x - 42 = -2*y. Determine v(x).
-1
Let n(k) be the third derivative of -k**6/60 - k**5/15 - k**4/4 - 5*k**3/6 + 3*k**2 - 17. What is n(-3)?
31
Suppose -13*y - 2 = -14*y. Let q(f) = f + 22*f**y - 3*f**3 + 25*f**2 - 48*f**2 + 1. Suppose 4*w + 2*u + 0 = -8, w + 2*u = -5. What is q(w)?
2
Let c be (-1 - 1)*3/(-6). Let a be (3 + -2 - 1)/c. Suppose -2*b = -a - 6. Let w(f) = -f + 4. What is w(b)?
1
Suppose -16*p + 7 = -25. Let y(m) = m**3 + 5*m**2 - 12*m - 1. Let l be y(p). Let d(k) = -k**2 + 4*k - 4. What is d(l)?
-1
Let i(c) be the third derivative of -c**8/6720 + c**7/5040 + 3*c**5/20 + 6*c**2. Let u(w) be the third derivative of i(w). Calculate u(-1).
-4
Let o(v) = -v**3 + 4*v**2 + v + 6. Suppose -19 = -4*x + 93. Suppose -h + x = 2*f, -3*f - 31 = -h - 3. Suppose 7 = 7*z - h. Determine o(z).
-14
Let i(k) = -8*k + 2*k + k**2 + 3*k**2 + 6 - 1 + k**3. Calculate i(-5).
10
Let t(b) = -b**2 - b - 1. Let s be t(0). Let c = 1 + s. Let l(j) = 47*j - 46*j + 3 + 5. Determine l(c).
8
Let i(n) = n. Let j(q) = -q - 21. Let h be j(-13). Give i(h).
-8
Let u = -82 + 115. Let y be (-4)/(-24) + u/18. Let a(m) = 3 + y*m - 3 + 3 - 5. What is a(3)?
4
Suppose 0 = 2*q + 2*q - 2*p - 52, 0 = 3*q + 3*p - 21. Let x = q - 8. Let g be (0 + 0)/(1*x). Let s(a) = -a**3 + a**2 - a + 14. Calculate s(g).
14
Suppose r + 7 = 2*r. Let f(h) = h**3 - 17*h**2 + 9*h + 5. Let a(u) = 3*u**2 - u + 1. Let k(o) = -3*a(o) - f(o). Give k(r).
-1
Let u(f) = 5 - 10*f**2 + 4*f - 12*f**2 + 21*f**2. Let k(w) = 6*w**2 - 19*w - 26. Let j(l) = 2*k(l) + 11*u(l). Give j(-4).
-5
Let c be (-1)/(-1)*(13 - -4). Let y(v) = 25*v - c*v - 14*v. Give y(2).
-12
Let r(h) = -208*h**3 + 103*h**3 - 2 + 106*h**3 + 2*h - 2*h**2. Determine r(0).
-2
Let r(x) = -x**2 + 25*x - 34. Let i(p) = 9*p - 57. Let n be i(9). Let f be r(n). Let b(h) = h**2 + 11*h + 8. What is b(f)?
-2
Let j(d) be the first derivative of -5*d**2/2 + 9*d - 22. What is j(7)?
-26
Let f(z) = z**3 + 3*z**2 + 3*z. Suppose 100*p = 97*p - 12. What is f(p)?
-28
Let r = 28 + -44. Let k = r - -16. Let y(b) = 11*b - 4 + b**2 + k*b - 7*b. Calculate y(-5).
1
Suppose 5*l = 3*n + 9, -4*l + 10 = 2*n - 3*n. Let k(d) = -d**n + d + 0*d**2 - 6*d - 13 + 20. What is k(-5)?
7
Let v = 24 + -22. Suppose -3*i - 4*c = -4*i -